{"id":76,"date":"2015-04-23T11:04:51","date_gmt":"2015-04-23T11:04:51","guid":{"rendered":"https:\/\/xml-io.proteusthemes.com\/cargopress\/?page_id=76"},"modified":"2020-03-20T12:43:24","modified_gmt":"2020-03-20T12:43:24","slug":"services","status":"publish","type":"page","link":"https:\/\/bachirtours.com\/tours\/services\/","title":{"rendered":"Services"},"content":{"rendered":"<div id=\"pl-76\"  class=\"panel-layout\" ><div id=\"pg-76-0\"  class=\"panel-grid panel-no-style\" ><div id=\"pgc-76-0-0\"  class=\"panel-grid-cell\" ><div id=\"panel-76-0-0-0\" class=\"so-panel widget widget_pw_featured_page widget-featured-page panel-first-child panel-last-child\" data-index=\"0\" >\n\n\t<div class=\"page-box  page-box--block\">\n\t\t\t<a class=\"page-box__picture\" href=\"https:\/\/bachirtours.com\/tours\/services\/services-de-transferts\/\"><img decoding=\"async\" src=\"https:\/\/bachirtours.com\/tours\/wp-content\/uploads\/2020\/03\/Services-de-transferts-360x240.jpg\" width=\"360\" height=\"240\" srcset=\"https:\/\/bachirtours.com\/tours\/wp-content\/uploads\/2020\/03\/Services-de-transferts-360x240.jpg 360w, https:\/\/bachirtours.com\/tours\/wp-content\/uploads\/2020\/03\/Services-de-transferts.jpg 1920w\" sizes=\"(min-width: 992px) 360px, calc(100vw - 30px)\" class=\"wp-post-image\" alt=\"Services De Transferts\"><\/a>\n\t\t<div class=\"page-box__content\">\n\t\t\t<h5 class=\"page-box__title  text-uppercase\"><a href=\"https:\/\/bachirtours.com\/tours\/services\/services-de-transferts\/\">Services De Transferts<\/a><\/h5>\n\t\t\t<p>Nous organisons vos transferts en toute s\u00e9r\u00e9nit\u00e9, depuis et vers l\u2019a\u00e9roport, ainsi qu\u2019entre les diff\u00e9rentes villes du Maroc. Que ce soit pour un trajet confortable &hellip;<\/p>\n\t\t\t\t<p><a href=\"https:\/\/bachirtours.com\/tours\/services\/services-de-transferts\/\" class=\"read-more  read-more--page-box\">Lire la suite<\/a><\/p>\n\t\t<\/div>\n\t<\/div>\n\n<\/div><\/div><div id=\"pgc-76-0-1\"  class=\"panel-grid-cell\" ><div id=\"panel-76-0-1-0\" class=\"so-panel widget widget_pw_featured_page widget-featured-page panel-first-child panel-last-child\" data-index=\"1\" >\n\n\t<div class=\"page-box  page-box--block\">\n\t\t\t<a class=\"page-box__picture\" href=\"\"><img decoding=\"async\" src=\"\" width=\"\" height=\"\" srcset=\" w,  w\" sizes=\"(min-width: 992px) 360px, calc(100vw - 30px)\" class=\"wp-post-image\" alt=\"\"><\/a>\n\t\t<div class=\"page-box__content\">\n\t\t\t<h5 class=\"page-box__title  text-uppercase\"><a href=\"\"><\/a><\/h5>\n\t\t\t<p><\/p>\n\t\t\t\t<p><a href=\"\" class=\"read-more  read-more--page-box\">Lire la suite<\/a><\/p>\n\t\t<\/div>\n\t<\/div>\n\n<\/div><\/div><div id=\"pgc-76-0-2\"  class=\"panel-grid-cell\" ><div id=\"panel-76-0-2-0\" class=\"so-panel widget widget_pw_featured_page widget-featured-page panel-first-child panel-last-child\" data-index=\"2\" >\n\n\t<div class=\"page-box  page-box--block\">\n\t\t\t<a class=\"page-box__picture\" href=\"https:\/\/bachirtours.com\/tours\/services\/mise-a-disposition\/\"><img decoding=\"async\" src=\"https:\/\/bachirtours.com\/tours\/wp-content\/uploads\/2020\/03\/Mise-\u00e0-disposition-360x240.jpg\" width=\"360\" height=\"240\" srcset=\"https:\/\/bachirtours.com\/tours\/wp-content\/uploads\/2020\/03\/Mise-\u00e0-disposition-360x240.jpg 360w, https:\/\/bachirtours.com\/tours\/wp-content\/uploads\/2020\/03\/Mise-\u00e0-disposition.jpg 1024w\" sizes=\"(min-width: 992px) 360px, calc(100vw - 30px)\" class=\"wp-post-image\" alt=\"Mise \u00e0 disposition\"><\/a>\n\t\t<div class=\"page-box__content\">\n\t\t\t<h5 class=\"page-box__title  text-uppercase\"><a href=\"https:\/\/bachirtours.com\/tours\/services\/mise-a-disposition\/\">Mise \u00e0 disposition<\/a><\/h5>\n\t\t\t<p>Besoin d\u2019une voiture de tourisme avec chauffeur \u00e0 l\u2019heure ou \u00e0 la journ\u00e9e? Nous proposons la solution adapt\u00e9e \u00e0 vos attentes Pour vos d\u00e9placements professionnels :\u00a0Congr\u00e9s, \u00c9v\u00e8nements ou diner d\u2019affaires.. Pour vos d\u00e9placements &hellip;<\/p>\n\t\t\t\t<p><a href=\"https:\/\/bachirtours.com\/tours\/services\/mise-a-disposition\/\" class=\"read-more  read-more--page-box\">Lire la suite<\/a><\/p>\n\t\t<\/div>\n\t<\/div>\n\n<\/div><\/div><\/div><div id=\"pg-76-1\"  class=\"panel-grid panel-no-style\" ><div id=\"pgc-76-1-0\"  class=\"panel-grid-cell\" ><div id=\"panel-76-1-0-0\" class=\"so-panel widget widget_pw_featured_page widget-featured-page panel-first-child panel-last-child\" data-index=\"3\" >\n\n\t<div class=\"page-box  page-box--block\">\n\t\t\t<a class=\"page-box__picture\" href=\"https:\/\/bachirtours.com\/tours\/services\/evenementiel\/\"><img decoding=\"async\" src=\"https:\/\/bachirtours.com\/tours\/wp-content\/uploads\/2020\/03\/event1-1024x480-360x240.jpg\" width=\"360\" height=\"240\" srcset=\"https:\/\/bachirtours.com\/tours\/wp-content\/uploads\/2020\/03\/event1-1024x480-360x240.jpg 360w, https:\/\/bachirtours.com\/tours\/wp-content\/uploads\/2020\/03\/event1-1024x480.jpg 1024w\" sizes=\"(min-width: 992px) 360px, calc(100vw - 30px)\" class=\"wp-post-image\" alt=\"\u00c9v\u00e9nementiel\"><\/a>\n\t\t<div class=\"page-box__content\">\n\t\t\t<h5 class=\"page-box__title  text-uppercase\"><a href=\"https:\/\/bachirtours.com\/tours\/services\/evenementiel\/\">\u00c9v\u00e9nementiel<\/a><\/h5>\n\t\t\t<p>C\u00e9r\u00e9monie, Accompagnant de Mariage, Anniversaire une \u00e9quipe de professionnels aux techniques les plus modernes est pr\u00eate \u00e0 \u00e9couter. Votre projet, mettant la cr\u00e9ation au centre de nos r\u00e9flexions. Toute notre attention est centr\u00e9e sur &hellip;<\/p>\n\t\t\t\t<p><a href=\"https:\/\/bachirtours.com\/tours\/services\/evenementiel\/\" class=\"read-more  read-more--page-box\">Lire la suite<\/a><\/p>\n\t\t<\/div>\n\t<\/div>\n\n<\/div><\/div><div id=\"pgc-76-1-1\"  class=\"panel-grid-cell\" ><div id=\"panel-76-1-1-0\" class=\"so-panel widget widget_pw_featured_page widget-featured-page panel-first-child panel-last-child\" data-index=\"4\" >\n\n\t<div class=\"page-box  page-box--block\">\n\t\t\t<a class=\"page-box__picture\" href=\"https:\/\/bachirtours.com\/tours\/services\/transport-touristique\/\"><img decoding=\"async\" src=\"https:\/\/bachirtours.com\/tours\/wp-content\/uploads\/2020\/03\/Transport-Touristique-360x240.jpg\" width=\"360\" height=\"240\" srcset=\"https:\/\/bachirtours.com\/tours\/wp-content\/uploads\/2020\/03\/Transport-Touristique-360x240.jpg 360w, https:\/\/bachirtours.com\/tours\/wp-content\/uploads\/2020\/03\/Transport-Touristique.jpg 1920w\" sizes=\"(min-width: 992px) 360px, calc(100vw - 30px)\" class=\"wp-post-image\" alt=\"Transport Touristique\"><\/a>\n\t\t<div class=\"page-box__content\">\n\t\t\t<h5 class=\"page-box__title  text-uppercase\"><a href=\"https:\/\/bachirtours.com\/tours\/services\/transport-touristique\/\">Transport Touristique<\/a><\/h5>\n\t\t\t<p>BACHIR &amp; Fr\u00e9re Tours mis A votre disposition une s\u00e9lection de v\u00e9hicule parmi les plus complets et fonctionnels du march\u00e9. Pour votre plus grand confort ainsi que votre s\u00e9curit\u00e9, nos v\u00e9hicules sont \u00e9quip\u00e9s des derni\u00e8res technologies &hellip;<\/p>\n\t\t\t\t<p><a href=\"https:\/\/bachirtours.com\/tours\/services\/transport-touristique\/\" class=\"read-more  read-more--page-box\">Lire la suite<\/a><\/p>\n\t\t<\/div>\n\t<\/div>\n\n<\/div><\/div><div id=\"pgc-76-1-2\"  class=\"panel-grid-cell\" ><div id=\"panel-76-1-2-0\" class=\"so-panel widget widget_pw_featured_page widget-featured-page panel-first-child panel-last-child\" data-index=\"5\" >\n\n\t<div class=\"page-box  page-box--block\">\n\t\t\t<a class=\"page-box__picture\" href=\"https:\/\/bachirtours.com\/tours\/services\/excursions-maroc\/\"><img decoding=\"async\" src=\"https:\/\/bachirtours.com\/tours\/wp-content\/uploads\/2020\/03\/Excursion-360x240.jpg\" width=\"360\" height=\"240\" srcset=\"https:\/\/bachirtours.com\/tours\/wp-content\/uploads\/2020\/03\/Excursion-360x240.jpg 360w, https:\/\/bachirtours.com\/tours\/wp-content\/uploads\/2020\/03\/Excursion.jpg 1920w\" sizes=\"(min-width: 992px) 360px, calc(100vw - 30px)\" class=\"wp-post-image\" alt=\"Excursions\"><\/a>\n\t\t<div class=\"page-box__content\">\n\t\t\t<h5 class=\"page-box__title  text-uppercase\"><a href=\"https:\/\/bachirtours.com\/tours\/services\/excursions-maroc\/\">Excursions<\/a><\/h5>\n\t\t\t<p>D\u00e9couvrez le Maroc autrement gr\u00e2ce \u00e0 nos circuits et excursions sur mesure ! Que vous souhaitiez explorer les m\u00e9dinas historiques, les paysages spectaculaires du d\u00e9sert ou les majestueuses montagnes de l\u2019Atlas, nous organisons des exp\u00e9riences &hellip;<\/p>\n\t\t\t\t<p><a href=\"https:\/\/bachirtours.com\/tours\/services\/excursions-maroc\/\" class=\"read-more  read-more--page-box\">Lire la suite<\/a><\/p>\n\t\t<\/div>\n\t<\/div>\n\n<\/div><\/div><\/div><\/div>","protected":false},"excerpt":{"rendered":"<p>Services De Transferts Nous organisons vos transferts en toute s\u00e9r\u00e9nit\u00e9, depuis et vers l\u2019a\u00e9roport, ainsi qu\u2019entre les diff\u00e9rentes villes du Maroc. Que ce soit pour un trajet confortable &hellip; Lire la suite Lire la suite Mise \u00e0 disposition Besoin d\u2019une voiture de tourisme avec chauffeur \u00e0 l\u2019heure ou \u00e0 la journ\u00e9e? Nous proposons la solution &hellip;<\/p>\n","protected":false},"author":1,"featured_media":0,"parent":0,"menu_order":0,"comment_status":"closed","ping_status":"open","template":"","meta":{"_acf_changed":false,"footnotes":""},"class_list":["post-76","page","type-page","status-publish","hentry"],"acf":[],"_links":{"self":[{"href":"https:\/\/bachirtours.com\/tours\/wp-json\/wp\/v2\/pages\/76","targetHints":{"allow":["GET"]}}],"collection":[{"href":"https:\/\/bachirtours.com\/tours\/wp-json\/wp\/v2\/pages"}],"about":[{"href":"https:\/\/bachirtours.com\/tours\/wp-json\/wp\/v2\/types\/page"}],"author":[{"embeddable":true,"href":"https:\/\/bachirtours.com\/tours\/wp-json\/wp\/v2\/users\/1"}],"replies":[{"embeddable":true,"href":"https:\/\/bachirtours.com\/tours\/wp-json\/wp\/v2\/comments?post=76"}],"version-history":[{"count":2,"href":"https:\/\/bachirtours.com\/tours\/wp-json\/wp\/v2\/pages\/76\/revisions"}],"predecessor-version":[{"id":857,"href":"https:\/\/bachirtours.com\/tours\/wp-json\/wp\/v2\/pages\/76\/revisions\/857"}],"wp:attachment":[{"href":"https:\/\/bachirtours.com\/tours\/wp-json\/wp\/v2\/media?parent=76"}],"curies":[{"name":"wp","href":"https:\/\/api.w.org\/{rel}","templated":true}]}}